units digit of p(4)?
0
Let y(s) = -s**3 - 16*s**2 - 22*s - 5. What is the hundreds digit of y(-15)?
1
Let x = -175 + 73. What is the units digit of (x/10)/((-12)/60)?
1
Suppose -6003 = -2*x - 7*x. What is the units digit of x?
7
Let m = -22 - -25. Suppose 2*y - y + 3 = 0, w + 9 = -m*y. Suppose -2*d + 11 = j, w = 2*j - 0*j + 2*d - 12. What is the units digit of j?
1
Let q(p) = 5*p - 5. Let b(s) = -9*s + 5. Let j(n) = 26*n - 15. Let u(k) = 8*b(k) + 3*j(k). Let z(v) = -4*q(v) + 3*u(v). What is the units digit of z(-8)?
1
Let a(y) = y + 11 + 0 - 2*y + 0*y. Let d be a(8). What is the units digit of (76/(-12))/((-1)/d)?
9
Let c(b) be the second derivative of b**5/20 + 5*b**4/12 - b**3/2 - b**2/2 + 5*b. Let k be c(-6). Let g = -10 - k. What is the units digit of g?
9
Suppose 0 = -34*g + 37*g + 2*b - 2198, 0 = 5*g + 2*b - 3670. What is the hundreds digit of g?
7
Suppose 0 = -5*r + 2*j + 179, -4*r - 4*j = -191 + 31. Let q = -6 + r. Let d = -12 + q. What is the tens digit of d?
1
Let q(u) = 17*u**2 - u - 1. Let i be q(-1). Let z = i + 2. What is the tens digit of z?
1
Let a(p) = -p**2 + 18*p + 24. Let q be a(19). Suppose 5*j = 4*j + 3*w + 209, 25 = q*w. What is the units digit of j?
4
Let d = 20 - 12. Suppose 4*i + 2*n - 88 = i, -2*n = d. What is the units digit of i?
2
Let g = 10 - 2. Suppose -4*n + 105 - 45 = 0. Let w = n - g. What is the units digit of w?
7
Let p(h) = h**2 + 3*h - 2. Let i be p(-3). Let s = i + 21. Suppose 2*l - s = 31. What is the tens digit of l?
2
Suppose 23 = 8*k - 1. Suppose -156 = -k*w - 3*s, -s - 208 = -4*w + s. What is the tens digit of w?
5
Let s(o) be the third derivative of 11*o**4/8 - 5*o**3/6 + 3*o**2 + 13*o. Let i(z) = z + 8. Let x be i(-6). What is the tens digit of s(x)?
6
Let a(p) = -3*p**3 - 7*p**2 - 2*p**3 - 5 - 12*p + 6*p**3. What is the tens digit of a(9)?
4
Suppose 1074 = -1716*h + 1719*h. What is the tens digit of h?
5
What is the thousands digit of 531*45/(-36)*-4?
2
Let a = 21 + -19. Suppose r = -4*b + 22, a*b - 2 = 5*r - r. Suppose 0 = -b*t + 289 - 99. What is the units digit of t?
8
Let g = -15 - 0. Let f = g + 15. Suppose 2*t - 27 = -2*j + 71, 2*t + 8 = f. What is the tens digit of j?
5
Suppose -t - t + 42 = 0. Suppose -l = j + 2*l - 6, j = 2*l + t. Suppose 2*f - n = 31 + j, 3*f - 2*n = 69. What is the tens digit of f?
2
Let l = 82 + -81. What is the units digit of (-2*(-59 - -2))/l?
4
Let v = -53 + 66. What is the units digit of v?
3
Let j(d) = -2*d**3 - 8*d**2 + 5*d - 3. What is the tens digit of j(-8)?
6
What is the units digit of (-20)/(-8) + (-33885)/(-18)?
5
Let r(n) = 3*n**3 + 14*n**2 + 2*n - 19. Let g(k) = 16*k**3 + 69*k**2 + 11*k - 94. Let d(f) = 2*g(f) - 11*r(f). What is the units digit of d(-16)?
1
Let a = 50 + -36. Suppose -a*t = -11*t - 120. What is the tens digit of t?
4
What is the hundreds digit of (-2)/(-6)*-1*(-1815)/1?
6
Let l(z) = -74*z**3 - 2*z**2 + z - 2. Let q be l(-2). Suppose -7*b + q = 3*b. What is the units digit of b?
8
Suppose 0 = 5*h - 3*h - 1004. What is the units digit of h?
2
Let u(o) = 10*o**2 + 13*o + 86. What is the thousands digit of u(15)?
2
Suppose 21*d - 2*v = 23*d - 7618, -4*d = -5*v - 15236. What is the thousands digit of d?
3
Suppose -5*m = -4*w - 815 - 1726, 3*m - 1523 = 2*w. What is the hundreds digit of m?
5
Suppose 1 = r - 0, -5*r = -3*w + 13. Suppose w*l - 185 - 355 = 0. What is the units digit of l?
0
Let w = -10 - -20. Suppose -111*j - 3312 = -123*j. Suppose 4*g = w*g - j. What is the units digit of g?
6
Suppose 6*i = -4*i + 40. What is the units digit of -6 + 955/i - 1/(-4)?
3
Suppose 3*j - 15 = -3*r, 3*j - 5*r - 1 = 6. Suppose -3*t + 4*s - 2*s + 298 = 0, -j*s = -4*t + 392. What is the tens digit of t?
0
Suppose -364 = -4*w + 344. Let g = -125 + w. What is the units digit of g?
2
Suppose d - 2*d = 203. What is the hundreds digit of (-1)/(-3) - 14/(-21) - d?
2
What is the units digit of (-2992)/(-5) + -2*(-3)/(-15)?
8
Suppose -55 = 4*j - 19. Let o(f) = -21*f - 32. What is the units digit of o(j)?
7
Suppose 42*c - 1867 = 4055. What is the tens digit of c?
4
Let u be 1 + (-3 + 3 - -1) + 0. What is the units digit of (-294)/(-4) - u*(-3)/12?
4
Let m = 31 + -24. Suppose m*s - 360 = -2*s. What is the units digit of s?
0
Let z(h) = 4*h**3 + 5*h**2 - 3*h - 7. Let c be z(3). Suppose -i + c = 2*i + n, 3*i + 2*n = 142. What is the units digit of i?
4
Let w be (-9)/(-2)*(-4)/3. Let v(b) = 2 - 2*b + 0*b + 1 - 4. What is the tens digit of v(w)?
1
Let m = 8 - 4. Let g(u) = -u + 10. Let p be g(11). What is the units digit of 1 + p + 0 + m?
4
Let o be -1 - -3*(-20)/(-15). Suppose o*x - 18 = -3*l + 6, 4*x - 12 = -2*l. What is the tens digit of l?
1
Let c(v) = -v**3 + 5*v**2 - 4*v + 2. Let u be c(3). Suppose 6*l - 1680 = -u*l. What is the hundreds digit of l?
1
Let f be (3/(-3) - -1)/1. Let w = f + 21. Let l = w - 10. What is the tens digit of l?
1
Let u be ((-24)/(-14))/(-1)*14. Let o be (-102)/u + 2/(-8). Suppose z = -o*b + 38, 5*b = -2*z + 50 - 1. What is the units digit of b?
9
Let z be 106 + 6*2/(-4). Let u = z + -68. What is the tens digit of u?
3
Suppose 0 = 24*t - 2711 - 5257. What is the hundreds digit of t?
3
Suppose 0*b + b = -32. What is the units digit of b/(-10)*(-525)/(-42)?
0
Let w = -129 - -255. What is the hundreds digit of w?
1
Suppose -5*a = 4*m - 209, 3*m + 4*a = 4*m - 68. What is the units digit of 5/(25/10) + m?
8
Suppose 2*i = 4*q + 380 - 28, -q - 70 = 4*i. What is the tens digit of ((-2)/(-4))/((-1)/q)?
4
Suppose -10042 - 2454 = -11*z. What is the hundreds digit of z?
1
What is the tens digit of ((-39)/(-4))/((-3)/(-8))?
2
Suppose s = -2, 6026 - 23657 = -5*c - 2*s. What is the tens digit of c?
2
Let k be -9*45 - (5 + -1). Let b = k + -137. What is the units digit of b/(-8) - 2/8?
8
Let t = 125 + -84. Let r = -24 + t. What is the tens digit of r?
1
What is the units digit of (-7)/4 - -2 - 70344/(-96)?
3
Suppose -4*n + 30 = -358. Suppose -4*f + 415 = -n. What is the tens digit of f?
2
Let f be -18*(-3 + 7/3). Let m(p) = p**2 - 12*p. Let q be m(f). Suppose 4*v + q*v = b - 7, 3*b - 5*v - 14 = 0. What is the units digit of b?
3
Suppose -19 + 8 = -3*a - s, s - 3 = -a. Suppose a*d - 37 - 211 = 0. What is the units digit of d?
2
Let r be 24/30*-1*5. Let q(x) be the second derivative of 5*x**4/12 + 4*x**3/3 + 9*x**2/2 - 2*x. What is the units digit of q(r)?
7
Let t(v) = -v**3 + 39*v**2 + 5*v - 83. What is the hundreds digit of t(35)?
9
Let u(v) = v**2 + 3*v - 2. Let t be u(-6). Suppose 3*h + h = t. Suppose 174 = h*c + 2*c. What is the tens digit of c?
2
Suppose -3*u - 505 = -8*u. Suppose 3*r = 466 + u. Suppose r = 3*z + 3*d, -121 - 3 = -2*z - d. What is the tens digit of z?
6
Suppose -2*g + 4*g - 36 = 0. What is the tens digit of 6 + g + -1 + -2?
2
Let n = 322 + 613. What is the units digit of n?
5
Let a(n) = -9*n + 9. Suppose 62 + 1 = -7*k. What is the tens digit of a(k)?
9
Suppose 42*s - 960 = 38*s. Let g = -156 + s. What is the tens digit of g?
8
Let i(w) = 2*w**2 + 26*w - 8. What is the units digit of i(-61)?
8
Let s = 105 - 101. Suppose -5*a + 1035 = -4*g, -a - 3*a + 832 = -s*g. What is the tens digit of a?
0
Suppose 4*b = -20, 3*b + 0 = -5*f - 5. Suppose f*i - 128 = -2*m, -3*i - 2*i - 20 = 0. What is the units digit of m?
8
Suppose -10*v - 4*v = -196. What is the tens digit of 30/21 + -2 - (-2248)/v?
6
Let u(d) = 2*d - 12. Let a be u(6). Let n = 1 + a. What is the units digit of n?
1
What is the thousands digit of ((-19)/4)/(-7 - 12204/(-1744))?
2
Let y(b) = 48*b - 77. What is the hundreds digit of y(15)?
6
Let l be (-3 + 15)/(-4) + 5. What is the tens digit of ((-15)/(-10))/(l/28)?
2
What is the tens digit of 7 + (-4360)/(-8) - 6?
4
What is the hundreds digit of 1/((-12944)/2589 + 5)?
5
Suppose -2*r + 1896 = 2*b + b, 0 = 2*b + 5*r - 1264. What is the tens digit of b?
3
Let p = 547 + 585. Suppose -9*u + p = -1091. What is the tens digit of u?
4
Suppose -2*f = -u + 97, 2*u - f = 100 + 103. Let r = u - 46. What is the tens digit of r?
5
Let s be (4/5)/(2/(-5)). Let o be (-2 - (2 - 0))/s. Suppose -k + 83 = 4*q, o*q + 32 = 3*q + 4*k. What is the tens digit of q?
2
Let z(t) = -27*t - 105. What is the units digit of z(-5)?
0
Let r(t) = 52*t + 3. Let j be r(3). Suppose -4*b + 9*b = 3*a - 3, 1 = 5*b + a. What is the tens digit of (1 - b)/(3/j)?
5
Let l be 